{"id":64,"date":"2019-11-02T12:10:31","date_gmt":"2019-11-02T11:10:31","guid":{"rendered":"http:\/\/pontillas.be\/wordpress\/?page_id=64"},"modified":"2019-11-06T14:28:35","modified_gmt":"2019-11-06T13:28:35","slug":"inscription-saint-nicolas","status":"publish","type":"page","link":"https:\/\/pontillas.be\/wordpress\/index.php\/inscription-saint-nicolas\/","title":{"rendered":"Inscription Saint-Nicolas"},"content":{"rendered":"<p><!--StartFragment--><\/p>\n\n\n<p>Bonjour,<\/p>\n\n\n\n<p>Depuis la nouvelle l\u00e9gislation GDPR, la commune n&#8217;est plus autoris\u00e9e \u00e0 nous fournir la liste des habitants de notre village Pontillas.<\/p>\n\n\n\n<p>Ces informations sont essentielles \u00e0 notre fonctionnement, pour que nous puissions passer avec le grand Saint afin d&#8217;inviter votre\/vos enfant(s) \u00e0 venir chercher son cadeau lors de l&#8217;apr\u00e8s-midi de Saint-Nicolas \u00e0 la salle de Pontillas.<\/p>\n\n\n\n<p>Un mail de confirmation sera envoy\u00e9 apr\u00e8s l&#8217;inscription. Si vous ne le voyez pas, v\u00e9rifiez dans vos spams !<\/p>\n\n\n\n<div class=\"wrap pdb-signup pdb-instance-2\" >\n\n    <form method=\"post\" enctype=\"multipart\/form-data\"  autocomplete=\"off\" action=\"\/wordpress\/index.php\/wp-json\/wp\/v2\/pages\/64\" ><input name=\"action\" type=\"hidden\" value=\"signup\" \/>\n\n<input name=\"subsource\" type=\"hidden\" value=\"participants-database\" \/>\n\n<input name=\"shortcode_page\" type=\"hidden\" value=\"\/wordpress\/index.php\/wp-json\/wp\/v2\/pages\/64\" \/>\n\n<input name=\"thanks_page\" type=\"hidden\" value=\"\/wordpress\/index.php\/wp-json\/wp\/v2\/pages\/64\" \/>\n\n<input name=\"instance_index\" type=\"hidden\" value=\"2\" \/>\n\n<input name=\"pdb_data_keys\" type=\"hidden\" value=\"10.41.42.43.44.45.28.29.30.31.32.33.39.40\" \/>\n\n<input name=\"session_hash\" type=\"hidden\" value=\"5b44365d33\" \/>\n\n    <table class=\"form-table pdb-signup\">\n\n      \n      <tbody class=\"field-group field-group-enfants\">\n        \n                \n        \n        <tr class=\"text-line pr\u00e9nom_du_parent-input-group\">\n\n          <th for=\"pdb-pr\u00e9nom_du_parent-2\">Pr\u00e9nom du Parent<\/th>\n\n          <td>\n\n            <input name=\"pr\u00e9nom_du_parent\" id=\"pdb-pr\u00e9nom_du_parent-2\" class=\" regular-text\" type=\"text\" value=\"\" \/>\n\n                        \n          <\/td>\n\n        <\/tr>\n  \n        \n        <tr class=\"text-line nom_du_parent-input-group\">\n\n          <th for=\"pdb-nom_du_parent-2\">Nom du Parent<\/th>\n\n          <td>\n\n            <input name=\"nom_du_parent\" id=\"pdb-nom_du_parent-2\" class=\" regular-text\" type=\"text\" value=\"\" \/>\n\n                        \n          <\/td>\n\n        <\/tr>\n  \n        \n        <tr class=\"text-line email_du_parent-input-group\">\n\n          <th for=\"pdb-email_du_parent-2\">eMail du Parent<\/th>\n\n          <td>\n\n            <input name=\"email_du_parent\" id=\"pdb-email_du_parent-2\" class=\" regular-text\" type=\"text\" value=\"\" \/>\n\n                        \n          <\/td>\n\n        <\/tr>\n  \n        \n        <tr class=\"dropdown rue-input-group\">\n\n          <th for=\"pdb-rue-2\">Rue<\/th>\n\n          <td>\n\n            <select name=\"rue\" id=\"pdb-rue-2\">\n<option value=\"\" selected=\"selected\">&nbsp;<\/option>\n<option value=\"Rue du Baty\">Rue du Baty<\/option>\n<option value=\"Rue de Narmont\">Rue de Narmont<\/option>\n<option value=\"Rue du Verbois\">Rue du Verbois<\/option>\n<option value=\"Rue de la Riviere\">Rue de la Riviere<\/option>\n<option value=\"Rue de la Dreve\">Rue de la Dreve<\/option>\n<option value=\"Rue de l&#039;eglise\">Rue de l'eglise<\/option>\n<option value=\"Rue de Seressia\">Rue de Seressia<\/option>\n<option value=\"Rue de Namur (Grand Route)\">Rue de Namur (Grand Route)<\/option>\n<\/select>\n\n                        \n          <\/td>\n\n        <\/tr>\n  \n        \n        <tr class=\"text-line num\u00e9ro-input-group\">\n\n          <th for=\"pdb-num\u00e9ro-2\">Num\u00e9ro<\/th>\n\n          <td>\n\n            <input name=\"num\u00e9ro\" id=\"pdb-num\u00e9ro-2\" class=\" regular-text\" type=\"text\" value=\"\" \/>\n\n                        \n          <\/td>\n\n        <\/tr>\n  \n        \n        <tr class=\"text-line pr\u00e9nom_enfant_1-input-group\">\n\n          <th for=\"pdb-pr\u00e9nom_enfant_1-2\">Pr\u00e9nom Enfant 1<\/th>\n\n          <td>\n\n            <input name=\"pr\u00e9nom_enfant_1\" id=\"pdb-pr\u00e9nom_enfant_1-2\" class=\" regular-text\" type=\"text\" value=\"\" \/>\n\n                        \n          <\/td>\n\n        <\/tr>\n  \n        \n        <tr class=\"dropdown date_de_naissance_enfant_1-input-group\">\n\n          <th for=\"pdb-date_de_naissance_enfant_1-2\">Ann\u00e9e de Naissance Enfant 1<\/th>\n\n          <td>\n\n            <select name=\"date_de_naissance_enfant_1\" id=\"pdb-date_de_naissance_enfant_1-2\">\n<option value=\"\" selected=\"selected\">&nbsp;<\/option>\n<option value=\"2000\">2000<\/option>\n<option value=\"2001\">2001<\/option>\n<option value=\"2002\">2002<\/option>\n<option value=\"2003\">2003<\/option>\n<option value=\"2004\">2004<\/option>\n<option value=\"2005\">2005<\/option>\n<option value=\"2006\">2006<\/option>\n<option value=\"2007\">2007<\/option>\n<option value=\"2008\">2008<\/option>\n<option value=\"2009\">2009<\/option>\n<option value=\"2010\">2010<\/option>\n<option value=\"2011\">2011<\/option>\n<option value=\"2012\">2012<\/option>\n<option value=\"2013\">2013<\/option>\n<option value=\"2014\">2014<\/option>\n<option value=\"2015\">2015<\/option>\n<option value=\"2016\">2016<\/option>\n<option value=\"2017\">2017<\/option>\n<option value=\"2018\">2018<\/option>\n<option value=\"2019\">2019<\/option>\n<option value=\"2020\">2020<\/option>\n<\/select>\n\n                        \n          <\/td>\n\n        <\/tr>\n  \n        \n        <tr class=\"text-line pr\u00e9nom_enfant_2-input-group\">\n\n          <th for=\"pdb-pr\u00e9nom_enfant_2-2\">Pr\u00e9nom Enfant 2<\/th>\n\n          <td>\n\n            <input name=\"pr\u00e9nom_enfant_2\" id=\"pdb-pr\u00e9nom_enfant_2-2\" class=\" regular-text\" type=\"text\" value=\"\" \/>\n\n                        \n          <\/td>\n\n        <\/tr>\n  \n        \n        <tr class=\"dropdown date_de_naissance_enfant_2-input-group\">\n\n          <th for=\"pdb-date_de_naissance_enfant_2-2\">Ann\u00e9e de Naissance Enfant 2<\/th>\n\n          <td>\n\n            <select name=\"date_de_naissance_enfant_2\" id=\"pdb-date_de_naissance_enfant_2-2\">\n<option value=\"\" selected=\"selected\">&nbsp;<\/option>\n<option value=\"2000\">2000<\/option>\n<option value=\"2001\">2001<\/option>\n<option value=\"2002\">2002<\/option>\n<option value=\"2003\">2003<\/option>\n<option value=\"2004\">2004<\/option>\n<option value=\"2005\">2005<\/option>\n<option value=\"2006\">2006<\/option>\n<option value=\"2007\">2007<\/option>\n<option value=\"2008\">2008<\/option>\n<option value=\"2009\">2009<\/option>\n<option value=\"2010\">2010<\/option>\n<option value=\"2011\">2011<\/option>\n<option value=\"2012\">2012<\/option>\n<option value=\"2013\">2013<\/option>\n<option value=\"2014\">2014<\/option>\n<option value=\"2015\">2015<\/option>\n<option value=\"2016\">2016<\/option>\n<option value=\"2017\">2017<\/option>\n<option value=\"2018\">2018<\/option>\n<option value=\"2019\">2019<\/option>\n<option value=\"2020\">2020<\/option>\n<\/select>\n\n                        \n          <\/td>\n\n        <\/tr>\n  \n        \n        <tr class=\"text-line pr\u00e9nom_enfant_3-input-group\">\n\n          <th for=\"pdb-pr\u00e9nom_enfant_3-2\">Pr\u00e9nom Enfant 3<\/th>\n\n          <td>\n\n            <input name=\"pr\u00e9nom_enfant_3\" id=\"pdb-pr\u00e9nom_enfant_3-2\" class=\" regular-text\" type=\"text\" value=\"\" \/>\n\n                        \n          <\/td>\n\n        <\/tr>\n  \n        \n        <tr class=\"dropdown date_de_naissance_enfant_3-input-group\">\n\n          <th for=\"pdb-date_de_naissance_enfant_3-2\">Ann\u00e9e de Naissance Enfant 3<\/th>\n\n          <td>\n\n            <select name=\"date_de_naissance_enfant_3\" id=\"pdb-date_de_naissance_enfant_3-2\">\n<option value=\"\" selected=\"selected\">&nbsp;<\/option>\n<option value=\"2000\">2000<\/option>\n<option value=\"2001\">2001<\/option>\n<option value=\"2002\">2002<\/option>\n<option value=\"2003\">2003<\/option>\n<option value=\"2004\">2004<\/option>\n<option value=\"2005\">2005<\/option>\n<option value=\"2006\">2006<\/option>\n<option value=\"2007\">2007<\/option>\n<option value=\"2008\">2008<\/option>\n<option value=\"2009\">2009<\/option>\n<option value=\"2010\">2010<\/option>\n<option value=\"2011\">2011<\/option>\n<option value=\"2012\">2012<\/option>\n<option value=\"2013\">2013<\/option>\n<option value=\"2014\">2014<\/option>\n<option value=\"2015\">2015<\/option>\n<option value=\"2016\">2016<\/option>\n<option value=\"2017\">2017<\/option>\n<option value=\"2018\">2018<\/option>\n<option value=\"2019\">2019<\/option>\n<option value=\"2020\">2020<\/option>\n<\/select>\n\n                        \n          <\/td>\n\n        <\/tr>\n  \n        \n        <tr class=\"text-line pr\u00e9nom_enfant_4-input-group\">\n\n          <th for=\"pdb-pr\u00e9nom_enfant_4-2\">Pr\u00e9nom Enfant 4<\/th>\n\n          <td>\n\n            <input name=\"pr\u00e9nom_enfant_4\" id=\"pdb-pr\u00e9nom_enfant_4-2\" class=\" regular-text\" type=\"text\" value=\"\" \/>\n\n                        \n          <\/td>\n\n        <\/tr>\n  \n        \n        <tr class=\"dropdown date_de_naissance_enfant_4-input-group\">\n\n          <th for=\"pdb-date_de_naissance_enfant_4-2\">Ann\u00e9e de Naissance Enfant 4<\/th>\n\n          <td>\n\n            <select name=\"date_de_naissance_enfant_4\" id=\"pdb-date_de_naissance_enfant_4-2\">\n<option value=\"\" selected=\"selected\">&nbsp;<\/option>\n<option value=\"2000\">2000<\/option>\n<option value=\"2001\">2001<\/option>\n<option value=\"2002\">2002<\/option>\n<option value=\"2003\">2003<\/option>\n<option value=\"2004\">2004<\/option>\n<option value=\"2005\">2005<\/option>\n<option value=\"2006\">2006<\/option>\n<option value=\"2007\">2007<\/option>\n<option value=\"2008\">2008<\/option>\n<option value=\"2009\">2009<\/option>\n<option value=\"2010\">2010<\/option>\n<option value=\"2011\">2011<\/option>\n<option value=\"2012\">2012<\/option>\n<option value=\"2013\">2013<\/option>\n<option value=\"2014\">2014<\/option>\n<option value=\"2015\">2015<\/option>\n<option value=\"2016\">2016<\/option>\n<option value=\"2017\">2017<\/option>\n<option value=\"2018\">2018<\/option>\n<option value=\"2019\">2019<\/option>\n<option value=\"2020\">2020<\/option>\n<\/select>\n\n                        \n          <\/td>\n\n        <\/tr>\n  \n                \n        <\/tbody>\n\n      \n      <tbody class=\"field-group field-group-main\">\n        \n                \n        \n        <tr class=\"checkbox mailing_list-input-group\">\n\n          <th for=\"pdb-mailing_list-2\">Je souhaite recevoir la Newsletter<\/th>\n\n          <td>\n\n            <input name=\"mailing_list\" id=\"pdb-mailing_list-2-default\" type=\"hidden\" value=\"Non\" \/>\n<input name=\"mailing_list\" id=\"pdb-mailing_list-2\" type=\"checkbox\" value=\"Oui\" \/>\n\n                        <span class=\"helptext\">Si vous souhaitez \u00eatre tenu des \u00e9v\u00e8nements du comit\u00e9 (souper fromage, f\u00eate des voisins, etc...)<\/span>\n                        \n          <\/td>\n\n        <\/tr>\n  \n                \n        <\/tbody>\n\n            \n        <tbody class=\"field-group field-group-submit\">\n      \n        <tr>\n          <td class=\"submit-buttons\">\n            \n           <input name=\"submit_button\" class=\"button-primary pdb-submit\" type=\"submit\" value=\"S&#039;inscrire\" \/>\n            \n          <\/td>\n          <td class=\"submit-buttons\">\n            \n                      \n          <\/td>\n        <\/tr>\n        \n      <\/tbody>\n      \n    <\/table>\n    \n  <\/form>  \n<\/div>\n\n\n\n<p>Vos donn\u00e9es collect\u00e9es sont utilis\u00e9es uniquement pour ces deux finalit\u00e9s (distribution cadeaux pour les enfants et distribution cougnous pour les 3X20). Ces donn\u00e9es ne seront pas donn\u00e9es \u00e0 des tiers. Ces donn\u00e9es vous appartiennent et peuvent \u00eatre retir\u00e9es de notre base de donn\u00e9es sur simple demande. <\/p>\n","protected":false},"excerpt":{"rendered":"<p>Bonjour, Depuis la nouvelle l\u00e9gislation GDPR, la commune n&#8217;est plus autoris\u00e9e \u00e0 nous fournir la liste des habitants de notre village Pontillas. Ces informations sont essentielles \u00e0 notre fonctionnement, pour que nous puissions passer avec le grand Saint afin d&#8217;inviter [&hellip;]<\/p>\n","protected":false},"author":1,"featured_media":0,"parent":0,"menu_order":0,"comment_status":"closed","ping_status":"closed","template":"","meta":{"footnotes":""},"class_list":["post-64","page","type-page","status-publish","hentry","clearfix"],"_links":{"self":[{"href":"https:\/\/pontillas.be\/wordpress\/index.php\/wp-json\/wp\/v2\/pages\/64","targetHints":{"allow":["GET"]}}],"collection":[{"href":"https:\/\/pontillas.be\/wordpress\/index.php\/wp-json\/wp\/v2\/pages"}],"about":[{"href":"https:\/\/pontillas.be\/wordpress\/index.php\/wp-json\/wp\/v2\/types\/page"}],"author":[{"embeddable":true,"href":"https:\/\/pontillas.be\/wordpress\/index.php\/wp-json\/wp\/v2\/users\/1"}],"replies":[{"embeddable":true,"href":"https:\/\/pontillas.be\/wordpress\/index.php\/wp-json\/wp\/v2\/comments?post=64"}],"version-history":[{"count":3,"href":"https:\/\/pontillas.be\/wordpress\/index.php\/wp-json\/wp\/v2\/pages\/64\/revisions"}],"predecessor-version":[{"id":185,"href":"https:\/\/pontillas.be\/wordpress\/index.php\/wp-json\/wp\/v2\/pages\/64\/revisions\/185"}],"wp:attachment":[{"href":"https:\/\/pontillas.be\/wordpress\/index.php\/wp-json\/wp\/v2\/media?parent=64"}],"curies":[{"name":"wp","href":"https:\/\/api.w.org\/{rel}","templated":true}]}}